2*z. What is the tens digit of z?
1
Let w(z) = -8*z + 11. Let t(v) = v. Let l(q) = -5*t(q) - w(q). What is the tens digit of l(9)?
1
Let z = 2 + 0. Suppose -z*y + 87 = y. What is the tens digit of y?
2
Let j(g) = -g**2 - 12*g. Let x(b) = 2*b + 13. Let a be x(-9). What is the units digit of j(a)?
5
Suppose -v = 4*l - 192, -429 = -9*v + 7*v + l. What is the hundreds digit of v?
2
Let i(t) = 13*t**3 + t**2 - 25*t + 18. Let l(k) = -7*k**3 - k**2 + 13*k - 9. Let p(q) = 6*i(q) + 11*l(q). What is the units digit of p(6)?
3
Suppose 2*i + j - 199 = 4*j, -2*i = 2*j - 204. What is the tens digit of i?
0
Let q be (-94)/3 - (-2)/6. Let a(o) = -o**3 + 2*o**2 - o - 2. Let j be a(-3). Let f = j + q. What is the units digit of f?
5
Let c be 1/1*0 + 2. Suppose 6*m = c*m + 44. What is the tens digit of m?
1
Suppose 6*v = 9*v - 18. Suppose 5*s + d = 52, d + v = -d. What is the tens digit of s?
1
Let b = -243 + 356. What is the units digit of b?
3
Let v(z) = 3*z**2 - 22*z + 9. What is the units digit of v(9)?
4
Let q = 7 + -2. Suppose q*o + 3*f = 126 - 47, 3*o - 4*f = 30. What is the tens digit of o?
1
What is the tens digit of (-2056)/(-14) - ((-6)/21)/2?
4
Suppose 0 = 2*c - 3*n + 5, -3*n + 1 = -3*c - 2. Let b(g) = -g**3 + 3*g**2 - g - 2. Let w be b(c). Let j = 2 - w. What is the units digit of j?
2
Let a(b) = -b**3 + 10*b**2 + 14*b - 13. Suppose -5*s - 2 + 57 = 0. What is the units digit of a(s)?
0
Suppose -2*d + 2 = -24. Let x = d - 2. What is the tens digit of x?
1
Suppose -v + 12 = 2*m, 11 = -4*v - 5*m + 44. Suppose y + v = 13. What is the tens digit of y?
1
Let n = 2 + -2. Let r = 3 + n. What is the units digit of r?
3
Suppose -94 = -3*i - 1. What is the units digit of i?
1
Suppose 4*r + 5*o - 357 = 2*r, 2*r - 387 = o. What is the units digit of r?
1
Suppose -4*p - 60 = -4*m, 4*p - 31 + 7 = -3*m. Let a(r) = 7*r - 3 + m - 6*r. What is the units digit of a(-7)?
2
Let u = 38 - 88. Let c = 72 + u. What is the tens digit of c?
2
Suppose -4*s = a - 0 - 11, -a + 3 = 0. Suppose -f + 2 = s*o - 11, 38 = 4*f + o. Let k = f + 1. What is the tens digit of k?
1
What is the units digit of 0 + 17 + 0/1?
7
Suppose -4*a + 19 + 653 = 0. Suppose -4*r = 3*y - a, -r + 3*y + 192 = 3*r. Suppose r + 19 = 4*x. What is the units digit of x?
6
Suppose 132 = 2*p - 5*p + 5*h, -5*h + 176 = -4*p. Let b = p - -66. What is the tens digit of b?
2
Suppose -21 = -5*g + 19. Suppose 4*x - 29 - g = -5*d, -5*d = -4*x + 27. What is the units digit of x?
8
What is the units digit of (4/14)/(1/203)?
8
Let i(z) = -z**3 + 12*z**2 + 16*z - 12. What is the units digit of i(13)?
7
Let x(l) be the second derivative of 0 - l**2 + 3*l + 1/3*l**3. What is the units digit of x(8)?
4
Suppose -16 = -0*g - g. Let y = g - 7. What is the units digit of y?
9
Let a(c) = 5*c**2 - 11*c + 19. Let q(b) = -6*b**2 + 10*b - 20. Let g(t) = -5*a(t) - 4*q(t). What is the units digit of g(13)?
1
Suppose -i + 140 = 4*i. What is the units digit of i?
8
Let b(z) = 2*z + 14. What is the units digit of b(-6)?
2
Let i(w) be the first derivative of w**4/2 + w**3 + 3*w**2 - 1. Let c(t) = -2*t**3 - 2*t**2 - 5*t. Let p(l) = -4*c(l) - 3*i(l). What is the tens digit of p(2)?
1
Suppose l - 5*m + 6 + 4 = 0, 0 = -2*l - 5*m + 40. What is the tens digit of l?
1
Suppose 8*i = 2*i + 648. What is the tens digit of i?
0
Let i = -52 + 128. What is the units digit of i?
6
Let o = 368 - 213. What is the units digit of o?
5
Let n(h) = -h**3 + 8*h**2 - 8*h + 2. Let u be n(6). Let j = u - 17. Suppose 0 = -3*s - 0*s + j. What is the units digit of s?
3
Let v = -39 - -69. What is the tens digit of v/(-12)*-10*1?
2
Let d(z) = 2*z**2 + 5*z - 5. Let x be d(-5). Suppose q + 25 = -4*q, -57 = 4*j + 5*q. Let g = j + x. What is the tens digit of g?
1
Let f = 2 - 0. Suppose 5*o + 5 = 0, -2*b = o + f + 3. What is the units digit of (3 - (b - -4))*5?
5
Suppose 0 = -3*o + 3*s - 3, 4*o - s + 4 = -0*s. What is the units digit of (o + 34)*6/18?
1
Let i be (-12)/(-30) - (-8)/5. Suppose i*r + 1 = 11. What is the units digit of r?
5
Let o be ((-16)/20)/(1/(-5)). Suppose 0*h - o = -h. What is the units digit of h?
4
Let c = 129 - 81. Suppose 3*n + 0*z = -3*z - 33, -5*n - c = -2*z. Let j = 14 + n. What is the units digit of j?
4
Let s be 5 + 0 + 0 + 0. Suppose s*c - 80 = -3*h, -5*c + 48 = -2*c - 4*h. What is the tens digit of c?
1
Let u be -1 + (-1)/(-2 + 3). What is the tens digit of (u/3)/((-4)/138)?
2
Suppose -k + 6*k = 535. What is the hundreds digit of k?
1
Let x(v) be the third derivative of -v**5/60 + v**4/6 + v**2. Let b be x(4). Suppose -5*n - 3*j - 12 + 46 = b, j - 22 = -3*n. What is the units digit of n?
8
Let u = 3 + -7. What is the tens digit of (-96)/(-8)*(-6)/u?
1
Let v(x) = 6*x - 11*x - 2 + 31*x + 0. What is the units digit of v(1)?
4
Let k(y) be the third derivative of -y**6/120 - y**5/30 - y**4/12 + y**3/2 - 4*y**2. Let v be k(2). Let o = 2 - v. What is the units digit of o?
9
Suppose -5*j = 2*g - 57, 5*j - 21 - 4 = 0. What is the tens digit of g?
1
Suppose b + 3*f - 432 + 80 = 0, 0 = -b - 4*f + 349. What is the tens digit of b?
6
Suppose -3*k - 1 = -7. Suppose 0 = -3*p - k*p + 15. What is the units digit of p?
3
Let u be (-1)/1 + (-1 - -5). Suppose 0 = -0*v + u*v. Suppose v*w - 2*w + 8 = 0. What is the units digit of w?
4
Let u be 5/2*(-1 - 1). Let a = -3 - u. Suppose a*v + 3*f = -f + 30, 4*v + 4*f - 44 = 0. What is the units digit of v?
7
Suppose 0 = -3*t - 0*t + 186. Let f be (-1)/(255/(-129) + 2). Let c = t + f. What is the tens digit of c?
1
Let m = -290 - -407. What is the hundreds digit of m?
1
Let l(d) = -2*d**3 - 4*d**2 + 3*d + 3. Let v be -2 + (-3)/(12/8). What is the tens digit of l(v)?
5
What is the units digit of (4/(-5))/2 + (-114)/(-10)?
1
Let h = 52 - 98. Let y = h + 86. What is the tens digit of y?
4
Let b = 2 - 5. Let c(i) = -i**3 + i**2 - 4. What is the units digit of c(b)?
2
Let s be (-12)/(-5) + 4/(-10). Suppose -1 - 5 = -s*i. Suppose -i*z = -33 - 6. What is the units digit of z?
3
Let s(v) = -2*v - 1. Let x be s(4). Let j = x + 21. Suppose 2*h = -2*h + j. What is the units digit of h?
3
Suppose 4*m - 28 = -4. Let p be (2/m)/((-4)/(-36)). Suppose p*f + 4*r - 47 = 0, -2*f + f + 9 = -2*r. What is the tens digit of f?
1
Let t(b) = -b. Let m(s) = 3*s. Let x(u) = -m(u) - 5*t(u). What is the units digit of x(3)?
6
Let f be 0 + 1 - 35/1. Let m = f + 64. What is the units digit of m?
0
Let t be (-10)/(-6) + (-4)/6. Let v be t/((7/(-24))/(-7)). Suppose -4*k + 0*k + 4*q + v = 0, -4*k = q - 14. What is the units digit of k?
4
Suppose 0 = 21*y - 5*y - 2656. What is the tens digit of y?
6
Let f(l) = -l**3 - 4*l**2 + 7*l + 6. Let v be f(-5). What is the units digit of (-24)/v - 3/(-1)?
9
Let n(y) = -3*y - 16. Let t be n(-7). Suppose t*a = 0, 2*j - a = -j + 117. What is the tens digit of j?
3
Suppose -6 = -d + 21. What is the tens digit of d?
2
Let o(d) = d**2 + 8*d + 2. Let y be o(-8). Let l be 1 + -4 + 4 - -6. Suppose -y = -t + l. What is the units digit of t?
9
What is the units digit of 0 + 0 - (-43 - -9)?
4
Let d(y) = 3*y + 67. What is the tens digit of d(-12)?
3
Suppose 5*v - 16 = -r, -3*v = 2*v - 3*r - 32. Let w(t) = 0*t - 3 + v + 2*t. What is the units digit of w(3)?
7
Let b be (-8 - -8) + 1*7. Suppose 5*z = b*z. Suppose z = -3*t - v + 17, 2*t + 2*t + v = 23. What is the units digit of t?
6
Let t(y) = y**2 - 3*y + 2. What is the units digit of t(-7)?
2
Suppose 4*p = 4*l - 708, 2*l + 2*p - 361 = -3*p. What is the tens digit of l?
7
Suppose 0*r - r + 56 = 3*g, 266 = 4*r - 2*g. Suppose 6*b = b + r. What is the tens digit of b?
1
Let q = -4 - -8. Suppose 0 = -a - 5, 6*a - 2*a + 224 = -q*d. What is the units digit of (3/(-9))/(1/d)?
7
Let o be (-47)/(-7) + 4/14. Let v = 1 + o. Suppose 5*t - 5*m = -5, t - 2*m + v = 2*t. What is the units digit of t?
2
Let t(h) = h**2 - 9*h - 5. Let l(v) = 0 + 2*v - 3 + 5. Let r be l(4). What is the units digit of t(r)?
5
Let r be (7/7)/((-1)/(-19)). Suppose -52 = 4*q - 8*q. Let n = r - q. What is the units digit of n?
6
Suppose -88 = -4*a - 4*q, -3*a + 5*q + 57 = -9. What is the tens digit of a?
2
Suppose 0 = -4*z - 3*s + 776, 7*z - 6*z - 194 = 2*s. What is the hundreds digit of z?
1
Suppose -2*y + 7*y + 20 = 5*v, 2*y + 23 = 5*v. Let l(f) = 55*f**3 + 2*f**2 - 2*f. What is the units digit of l(y)?
5
Let m be 15/(-